{"id":5989,"date":"2020-10-29T11:15:39","date_gmt":"2020-10-29T14:15:39","guid":{"rendered":"http:\/\/www.hand2hand.cl\/barriomatta\/?page_id=5989"},"modified":"2020-10-29T11:49:15","modified_gmt":"2020-10-29T14:49:15","slug":"feria-de-oficios","status":"publish","type":"page","link":"http:\/\/www.hand2hand.cl\/barriomatta\/index.php\/feria-de-oficios\/","title":{"rendered":"Feria de Oficios"},"content":{"rendered":"[vc_row type=&#8221;in_container&#8221; full_screen_row_position=&#8221;middle&#8221; scene_position=&#8221;center&#8221; text_color=&#8221;dark&#8221; text_align=&#8221;left&#8221; overlay_strength=&#8221;0.3&#8243; shape_divider_position=&#8221;bottom&#8221; bg_image_animation=&#8221;none&#8221;][vc_column column_padding=&#8221;no-extra-padding&#8221; column_padding_position=&#8221;all&#8221; background_color_opacity=&#8221;1&#8243; background_hover_color_opacity=&#8221;1&#8243; column_link_target=&#8221;_self&#8221; column_shadow=&#8221;none&#8221; column_border_radius=&#8221;none&#8221; width=&#8221;1\/2&#8243; tablet_width_inherit=&#8221;default&#8221; tablet_text_alignment=&#8221;default&#8221; phone_text_alignment=&#8221;default&#8221; column_border_width=&#8221;none&#8221; column_border_style=&#8221;solid&#8221; bg_image_animation=&#8221;none&#8221;][vc_column_text]\n<h3>Las ferias son espacios en la ciudad en los que el intercambio de productos y su venta es una de sus caracter\u00edsticas principales.<\/h3>\n<p>La concurrencia de p\u00fablico es, sin duda, necesaria para esta venta.<\/p>\n<p>Sin embargo, en nuestras Ferias de Oficios, Artesan\u00eda y Dise\u00f1o el encuentro entre vecinos(as), caseros, amigos y trabajadores sumado a la resignificancia del espacio p\u00fablico que se pone al servicio de estos encuentros hacen de estas ferias algo memorable.<\/p>\n<p>Lo que antes era la calle o vereda se va transformando lentamente en un nuevo espacio con nuevos significantes y significados que lo revelan ante una concurrencia que busca un producto singular, \u00fanico, hecho a mano y que ha sido producido emulando un ritual sagrado en el que el artesano(a) va dejando su huella, su marca irrepetible que lo distinguir\u00e1 del resto de los productos hechos de manera industrial.[\/vc_column_text][\/vc_column][vc_column column_padding=&#8221;no-extra-padding&#8221; column_padding_position=&#8221;all&#8221; background_color_opacity=&#8221;1&#8243; background_hover_color_opacity=&#8221;1&#8243; column_link_target=&#8221;_self&#8221; column_shadow=&#8221;none&#8221; column_border_radius=&#8221;none&#8221; width=&#8221;1\/2&#8243; tablet_width_inherit=&#8221;default&#8221; tablet_text_alignment=&#8221;default&#8221; phone_text_alignment=&#8221;default&#8221; column_border_width=&#8221;none&#8221; column_border_style=&#8221;solid&#8221; bg_image_animation=&#8221;none&#8221;]<div class=\"img-with-aniamtion-wrap \" data-max-width=\"100%\" data-border-radius=\"none\"><div class=\"inner\"><img data-shadow=\"none\" data-shadow-direction=\"middle\" class=\"img-with-animation skip-lazy \" data-delay=\"0\" height=\"960\" width=\"1280\"  data-animation=\"fade-in\" src=\"http:\/\/www.hand2hand.cl\/barriomatta\/wp-content\/uploads\/2020\/10\/feria-oficios-01.jpg\" srcset=\"http:\/\/www.hand2hand.cl\/barriomatta\/wp-content\/uploads\/2020\/10\/feria-oficios-01.jpg 1280w, http:\/\/www.hand2hand.cl\/barriomatta\/wp-content\/uploads\/2020\/10\/feria-oficios-01-300x225.jpg 300w, http:\/\/www.hand2hand.cl\/barriomatta\/wp-content\/uploads\/2020\/10\/feria-oficios-01-1024x768.jpg 1024w, http:\/\/www.hand2hand.cl\/barriomatta\/wp-content\/uploads\/2020\/10\/feria-oficios-01-768x576.jpg 768w\" sizes=\"100vw\" alt=\"\" \/><\/div><\/div>[\/vc_column][\/vc_row][vc_row type=&#8221;in_container&#8221; full_screen_row_position=&#8221;middle&#8221; scene_position=&#8221;center&#8221; text_color=&#8221;dark&#8221; text_align=&#8221;left&#8221; overlay_strength=&#8221;0.3&#8243; shape_divider_position=&#8221;bottom&#8221; bg_image_animation=&#8221;none&#8221;][vc_column column_padding=&#8221;no-extra-padding&#8221; column_padding_position=&#8221;all&#8221; background_color_opacity=&#8221;1&#8243; background_hover_color_opacity=&#8221;1&#8243; column_link_target=&#8221;_self&#8221; column_shadow=&#8221;none&#8221; column_border_radius=&#8221;none&#8221; width=&#8221;1\/2&#8243; tablet_width_inherit=&#8221;default&#8221; tablet_text_alignment=&#8221;default&#8221; phone_text_alignment=&#8221;default&#8221; column_border_width=&#8221;none&#8221; column_border_style=&#8221;solid&#8221; bg_image_animation=&#8221;none&#8221;]<div class=\"img-with-aniamtion-wrap \" data-max-width=\"100%\" data-border-radius=\"none\"><div class=\"inner\"><img data-shadow=\"none\" data-shadow-direction=\"middle\" class=\"img-with-animation skip-lazy \" data-delay=\"0\" height=\"960\" width=\"1280\"  data-animation=\"fade-in\" src=\"http:\/\/www.hand2hand.cl\/barriomatta\/wp-content\/uploads\/2020\/10\/feria-oficios-03.jpg\" srcset=\"http:\/\/www.hand2hand.cl\/barriomatta\/wp-content\/uploads\/2020\/10\/feria-oficios-03.jpg 1280w, http:\/\/www.hand2hand.cl\/barriomatta\/wp-content\/uploads\/2020\/10\/feria-oficios-03-300x225.jpg 300w, http:\/\/www.hand2hand.cl\/barriomatta\/wp-content\/uploads\/2020\/10\/feria-oficios-03-1024x768.jpg 1024w, http:\/\/www.hand2hand.cl\/barriomatta\/wp-content\/uploads\/2020\/10\/feria-oficios-03-768x576.jpg 768w\" sizes=\"100vw\" alt=\"\" \/><\/div><\/div>[\/vc_column][vc_column column_padding=&#8221;no-extra-padding&#8221; column_padding_position=&#8221;all&#8221; background_color_opacity=&#8221;1&#8243; background_hover_color_opacity=&#8221;1&#8243; column_link_target=&#8221;_self&#8221; column_shadow=&#8221;none&#8221; column_border_radius=&#8221;none&#8221; width=&#8221;1\/2&#8243; tablet_width_inherit=&#8221;default&#8221; tablet_text_alignment=&#8221;default&#8221; phone_text_alignment=&#8221;default&#8221; column_border_width=&#8221;none&#8221; column_border_style=&#8221;solid&#8221; bg_image_animation=&#8221;none&#8221;][vc_column_text]La concurrencia, el p\u00fablico antes an\u00f3nimo ahora cobra presencia, se despliega, se detiene, observa, pregunta, conversa por largas horas, pues quiere conocer a quien elabor\u00f3 tal producto, descubre que las manos del artesano son sagradas, capaces de crear un objeto con identidad, con historia, con memoria.<\/p>\n<p>El p\u00fablico-persona-visitante recorre cada puesto de la feria cadenciosamente, lentamente avanza, se devuelve, reflexiona. El acto de la \u201ccompra\u201d se despoja de su impersonalidad, ahora se humaniza, pues conoce la historia del objeto, qui\u00e9n lo elabor\u00f3, qu\u00e9 materias primas utiliz\u00f3. As\u00ed, la emoci\u00f3n pasa a formar parte de la experiencia, la que se nutre y se enriquece cuando la palabra relato recobra su lugar en la historia.[\/vc_column_text][vc_column_text]La experiencia sublime, casi m\u00edstica se enriquece a\u00fan m\u00e1s toda vez que el espacio sagrado concurrente se llena de cultura y de arte. Creatividad al margen de lo ya conocido, de lo usual. Entonces los sentidos, que est\u00e1n en su m\u00e1xima expresi\u00f3n, se desbordan llenando el espacio f\u00edsico de sentido y de vitalidad.[\/vc_column_text][\/vc_column][\/vc_row][vc_row type=&#8221;full_width_background&#8221; full_screen_row_position=&#8221;middle&#8221; bg_color=&#8221;#5f25fc&#8221; scene_position=&#8221;center&#8221; text_color=&#8221;dark&#8221; text_align=&#8221;left&#8221; overlay_strength=&#8221;0.3&#8243; shape_divider_position=&#8221;bottom&#8221; bg_image_animation=&#8221;none&#8221; shape_type=&#8221;&#8221;][vc_column column_padding=&#8221;no-extra-padding&#8221; column_padding_position=&#8221;all&#8221; background_color_opacity=&#8221;1&#8243; background_hover_color_opacity=&#8221;1&#8243; column_link_target=&#8221;_self&#8221; column_shadow=&#8221;none&#8221; column_border_radius=&#8221;none&#8221; width=&#8221;1\/2&#8243; tablet_width_inherit=&#8221;default&#8221; tablet_text_alignment=&#8221;default&#8221; phone_text_alignment=&#8221;default&#8221; column_border_width=&#8221;none&#8221; column_border_style=&#8221;solid&#8221; bg_image_animation=&#8221;none&#8221;][vc_custom_heading text=&#8221;La feria de oficios ha recuperado su lugar. El o la visitante se va satisfecho, esperando una nueva experiencia para vivirla con otros, en un lugar que ahora le pertenece, se identifica y sensibiliza.&#8221; font_container=&#8221;tag:h2|font_size:28|text_align:left|color:%23ffffff&#8221; google_fonts=&#8221;font_family:Roboto%3A100%2C100italic%2C300%2C300italic%2Cregular%2Citalic%2C500%2C500italic%2C700%2C700italic%2C900%2C900italic|font_style:400%20regular%3A400%3Anormal&#8221; css=&#8221;.vc_custom_1603982707598{padding-top: 20px !important;padding-right: 20px !important;padding-bottom: 20px !important;padding-left: 20px !important;}&#8221;][\/vc_column][vc_column column_padding=&#8221;no-extra-padding&#8221; column_padding_position=&#8221;all&#8221; background_color_opacity=&#8221;1&#8243; background_hover_color_opacity=&#8221;1&#8243; column_link_target=&#8221;_self&#8221; column_shadow=&#8221;none&#8221; column_border_radius=&#8221;none&#8221; width=&#8221;1\/2&#8243; tablet_width_inherit=&#8221;default&#8221; tablet_text_alignment=&#8221;default&#8221; phone_text_alignment=&#8221;default&#8221; column_border_width=&#8221;none&#8221; column_border_style=&#8221;solid&#8221; bg_image_animation=&#8221;none&#8221;]<div class=\"img-with-aniamtion-wrap \" data-max-width=\"100%\" data-border-radius=\"none\"><div class=\"inner\"><img data-shadow=\"none\" data-shadow-direction=\"middle\" class=\"img-with-animation skip-lazy \" data-delay=\"0\" height=\"960\" width=\"1280\"  data-animation=\"fade-in\" src=\"http:\/\/www.hand2hand.cl\/barriomatta\/wp-content\/uploads\/2020\/10\/feria-oficios-02.jpg\" srcset=\"http:\/\/www.hand2hand.cl\/barriomatta\/wp-content\/uploads\/2020\/10\/feria-oficios-02.jpg 1280w, http:\/\/www.hand2hand.cl\/barriomatta\/wp-content\/uploads\/2020\/10\/feria-oficios-02-300x225.jpg 300w, http:\/\/www.hand2hand.cl\/barriomatta\/wp-content\/uploads\/2020\/10\/feria-oficios-02-1024x768.jpg 1024w, http:\/\/www.hand2hand.cl\/barriomatta\/wp-content\/uploads\/2020\/10\/feria-oficios-02-768x576.jpg 768w\" sizes=\"100vw\" alt=\"\" \/><\/div><\/div>[\/vc_column][\/vc_row]\n","protected":false},"excerpt":{"rendered":"<p>[vc_row type=&#8221;in_container&#8221; full_screen_row_position=&#8221;middle&#8221; scene_position=&#8221;center&#8221; text_color=&#8221;dark&#8221; text_align=&#8221;left&#8221; overlay_strength=&#8221;0.3&#8243; shape_divider_position=&#8221;bottom&#8221; bg_image_animation=&#8221;none&#8221;][vc_column column_padding=&#8221;no-extra-padding&#8221; column_padding_position=&#8221;all&#8221; background_color_opacity=&#8221;1&#8243; background_hover_color_opacity=&#8221;1&#8243; column_link_target=&#8221;_self&#8221; column_shadow=&#8221;none&#8221; column_border_radius=&#8221;none&#8221; width=&#8221;1\/2&#8243; tablet_width_inherit=&#8221;default&#8221; tablet_text_alignment=&#8221;default&#8221; phone_text_alignment=&#8221;default&#8221; column_border_width=&#8221;none&#8221; column_border_style=&#8221;solid&#8221; bg_image_animation=&#8221;none&#8221;][vc_column_text] Las ferias&#8230;<\/p>\n","protected":false},"author":1,"featured_media":0,"parent":0,"menu_order":0,"comment_status":"closed","ping_status":"closed","template":"","meta":[],"_links":{"self":[{"href":"http:\/\/www.hand2hand.cl\/barriomatta\/index.php\/wp-json\/wp\/v2\/pages\/5989"}],"collection":[{"href":"http:\/\/www.hand2hand.cl\/barriomatta\/index.php\/wp-json\/wp\/v2\/pages"}],"about":[{"href":"http:\/\/www.hand2hand.cl\/barriomatta\/index.php\/wp-json\/wp\/v2\/types\/page"}],"author":[{"embeddable":true,"href":"http:\/\/www.hand2hand.cl\/barriomatta\/index.php\/wp-json\/wp\/v2\/users\/1"}],"replies":[{"embeddable":true,"href":"http:\/\/www.hand2hand.cl\/barriomatta\/index.php\/wp-json\/wp\/v2\/comments?post=5989"}],"version-history":[{"count":3,"href":"http:\/\/www.hand2hand.cl\/barriomatta\/index.php\/wp-json\/wp\/v2\/pages\/5989\/revisions"}],"predecessor-version":[{"id":5996,"href":"http:\/\/www.hand2hand.cl\/barriomatta\/index.php\/wp-json\/wp\/v2\/pages\/5989\/revisions\/5996"}],"wp:attachment":[{"href":"http:\/\/www.hand2hand.cl\/barriomatta\/index.php\/wp-json\/wp\/v2\/media?parent=5989"}],"curies":[{"name":"wp","href":"https:\/\/api.w.org\/{rel}","templated":true}]}}