{"id":2766,"date":"2020-08-21T12:31:29","date_gmt":"2020-08-21T15:31:29","guid":{"rendered":"http:\/\/www.hand2hand.cl\/barriomatta\/?page_id=2766"},"modified":"2020-11-09T20:24:48","modified_gmt":"2020-11-09T23:24:48","slug":"zona-tipica","status":"publish","type":"page","link":"http:\/\/www.hand2hand.cl\/barriomatta\/index.php\/zona-tipica\/","title":{"rendered":"Zona T\u00edpica"},"content":{"rendered":"[vc_row type=&#8221;in_container&#8221; full_screen_row_position=&#8221;middle&#8221; scene_position=&#8221;center&#8221; text_color=&#8221;dark&#8221; text_align=&#8221;left&#8221; overlay_strength=&#8221;0.3&#8243; shape_divider_position=&#8221;bottom&#8221; bg_image_animation=&#8221;none&#8221;][vc_column column_padding=&#8221;no-extra-padding&#8221; column_padding_position=&#8221;all&#8221; background_color_opacity=&#8221;1&#8243; background_hover_color_opacity=&#8221;1&#8243; column_link_target=&#8221;_self&#8221; column_shadow=&#8221;none&#8221; column_border_radius=&#8221;none&#8221; width=&#8221;1\/2&#8243; tablet_width_inherit=&#8221;default&#8221; tablet_text_alignment=&#8221;default&#8221; phone_text_alignment=&#8221;default&#8221; column_border_width=&#8221;none&#8221; column_border_style=&#8221;solid&#8221; bg_image_animation=&#8221;none&#8221;][vc_column_text]\n<h3>El 23 de diciembre del 2015, d\u00eda inolvidable para las comunidades que defienden el patrimonio, fue\u00a0declarado Monumento Nacional en su categor\u00eda de Zona T\u00edpica nuestro barrio.<\/h3>\n<p>Durante 10 minutos, aproximadamente, Patricia Pino, encargada del \u00e1rea de Difusi\u00f3n y Comunicaci\u00f3n de nuestra organizaci\u00f3n, debi\u00f3 realizar una presentaci\u00f3n en la que sint\u00e9ticamente deb\u00eda expresar los valores patrimoniales del sector. Luego de la presentaci\u00f3n los Consejeros del Consejo de Monumentos Nacionales junto al que entonces era el Director de la Dibam, \u00c1ngel Cabeza, votaron a favor de la declaratoria.<br \/>\nSin embargo, este hecho fue el \u00faltimo paso de una serie de acciones que realizamos con el fin de poner en valor nuestro barrio. Entre muchas de las acciones estuvo la de recolectar firmas entre los vecinos y vecinas, especialmente en las ferias, casa a casa, y en especial, el trabajo colaborativo que realizamos con los estudiantes de la carrera de Arquitectura de la Universidad de Chile, quienes en un gesto de infinita generosidad elaboraron el Expediente T\u00e9cnico, documento requerido por Consejo de Monumentos Nacionales para iniciar el proceso de declaratoria de manera gratuita.<\/p>\n<p>Finalmente fue declarado un pol\u00edgono de 189 hect\u00e1reas, constituy\u00e9ndonos en esa momento como la Zona T\u00edpica m\u00e1s grande de Santiago. Destacamos, adem\u00e1s, el ser una declaratoria impulsada por vecinos(as) organizados que se comprometieron en la defensa y puesta en valor de su territorio.<\/p>\n<p>En la ocasi\u00f3n, estuvo presente la entonces Alcaldesa de Santiago, se\u00f1ora Carolina Toh\u00e1, dando con ello una se\u00f1al clara de su apoyo a la defensa del patrimonio.<br \/>\nTambi\u00e9n nos acompa\u00f1\u00f3 Ana Paz C\u00e1rdenas, Secretaria T\u00e9cnica del CMN, Rosario Carvajal, actual Concejala por Santiago y Jos\u00e9 Osorio, Presidente de la Asociaci\u00f3n Chilena de Zonas y barrios Patrimoniales.<\/p>\n<p>Al a\u00f1o siguiente, en el mes de agosto, se oficializa la declaratoria al ser publicado el decreto en el Diario Oficial.<\/p>\n<p>Finalmente nuestro barrio ha sido reconocido como Zona T\u00edpica y con esta declaratoria comienza una nueva etapa en las proyecciones que tengamos para el desarrollo integral del mismo.[\/vc_column_text][\/vc_column][vc_column column_padding=&#8221;no-extra-padding&#8221; column_padding_position=&#8221;all&#8221; background_color_opacity=&#8221;1&#8243; background_hover_color_opacity=&#8221;1&#8243; column_link_target=&#8221;_self&#8221; column_shadow=&#8221;none&#8221; column_border_radius=&#8221;none&#8221; width=&#8221;1\/2&#8243; tablet_width_inherit=&#8221;default&#8221; tablet_text_alignment=&#8221;default&#8221; phone_text_alignment=&#8221;default&#8221; column_border_width=&#8221;none&#8221; column_border_style=&#8221;solid&#8221; bg_image_animation=&#8221;none&#8221;][vc_gallery type=&#8221;parallax_image_grid&#8221; images=&#8221;6008,6007,6006,6005,6004&#8243;][\/vc_column][\/vc_row]\n","protected":false},"excerpt":{"rendered":"<p>[vc_row type=&#8221;in_container&#8221; full_screen_row_position=&#8221;middle&#8221; scene_position=&#8221;center&#8221; text_color=&#8221;dark&#8221; text_align=&#8221;left&#8221; overlay_strength=&#8221;0.3&#8243; shape_divider_position=&#8221;bottom&#8221; bg_image_animation=&#8221;none&#8221;][vc_column column_padding=&#8221;no-extra-padding&#8221; column_padding_position=&#8221;all&#8221; background_color_opacity=&#8221;1&#8243; background_hover_color_opacity=&#8221;1&#8243; column_link_target=&#8221;_self&#8221; column_shadow=&#8221;none&#8221; column_border_radius=&#8221;none&#8221; width=&#8221;1\/2&#8243; tablet_width_inherit=&#8221;default&#8221; tablet_text_alignment=&#8221;default&#8221; phone_text_alignment=&#8221;default&#8221; column_border_width=&#8221;none&#8221; column_border_style=&#8221;solid&#8221; bg_image_animation=&#8221;none&#8221;][vc_column_text] El 23&#8230;<\/p>\n","protected":false},"author":1,"featured_media":0,"parent":0,"menu_order":0,"comment_status":"closed","ping_status":"closed","template":"","meta":[],"_links":{"self":[{"href":"http:\/\/www.hand2hand.cl\/barriomatta\/index.php\/wp-json\/wp\/v2\/pages\/2766"}],"collection":[{"href":"http:\/\/www.hand2hand.cl\/barriomatta\/index.php\/wp-json\/wp\/v2\/pages"}],"about":[{"href":"http:\/\/www.hand2hand.cl\/barriomatta\/index.php\/wp-json\/wp\/v2\/types\/page"}],"author":[{"embeddable":true,"href":"http:\/\/www.hand2hand.cl\/barriomatta\/index.php\/wp-json\/wp\/v2\/users\/1"}],"replies":[{"embeddable":true,"href":"http:\/\/www.hand2hand.cl\/barriomatta\/index.php\/wp-json\/wp\/v2\/comments?post=2766"}],"version-history":[{"count":5,"href":"http:\/\/www.hand2hand.cl\/barriomatta\/index.php\/wp-json\/wp\/v2\/pages\/2766\/revisions"}],"predecessor-version":[{"id":6037,"href":"http:\/\/www.hand2hand.cl\/barriomatta\/index.php\/wp-json\/wp\/v2\/pages\/2766\/revisions\/6037"}],"wp:attachment":[{"href":"http:\/\/www.hand2hand.cl\/barriomatta\/index.php\/wp-json\/wp\/v2\/media?parent=2766"}],"curies":[{"name":"wp","href":"https:\/\/api.w.org\/{rel}","templated":true}]}}

Zona Típica

[vc_row type=&#8221;in_container&#8221; full_screen_row_position=&#8221;middle&#8221; scene_position=&#8221;center&#8221; text_color=&#8221;dark&#8221; text_align=&#8221;left&#8221; overlay_strength=&#8221;0.3&#8243; shape_divider_position=&#8221;bottom&#8221; bg_image_animation=&#8221;none&#8221;][vc_column column_padding=&#8221;no-extra-padding&#8221; column_padding_position=&#8221;all&#8221; background_color_opacity=&#8221;1&#8243; background_hover_color_opacity=&#8221;1&#8243; column_link_target=&#8221;_self&#8221; column_shadow=&#8221;none&#8221; column_border_radius=&#8221;none&#8221; width=&#8221;1/2&#8243; tablet_width_inherit=&#8221;default&#8221; tablet_text_alignment=&#8221;default&#8221; phone_text_alignment=&#8221;default&#8221; column_border_width=&#8221;none&#8221; column_border_style=&#8221;solid&#8221; bg_image_animation=&#8221;none&#8221;][vc_column_text]
<h3>El 23 de diciembre del 2015, día inolvidable para las comunidades que defienden el patrimonio, fue declarado Monumento Nacional en su categoría de Zona Típica nuestro barrio.</h3>
<p>Durante 10 minutos, aproximadamente, Patricia Pino, encargada del área de Difusión y Comunicación de nuestra organización, debió realizar una presentación en la que sintéticamente debía expresar los valores patrimoniales del sector. Luego de la presentación los Consejeros del Consejo de Monumentos Nacionales junto al que entonces era el Director de la Dibam, Ángel Cabeza, votaron a favor de la declaratoria.<br />
Sin embargo, este hecho fue el último paso de una serie de acciones que realizamos con el fin de poner en valor nuestro barrio. Entre muchas de las acciones estuvo la de recolectar firmas entre los vecinos y vecinas, especialmente en las ferias, casa a casa, y en especial, el trabajo colaborativo que realizamos con los estudiantes de la carrera de Arquitectura de la Universidad de Chile, quienes en un gesto de infinita generosidad elaboraron el Expediente Técnico, documento requerido por Consejo de Monumentos Nacionales para iniciar el proceso de declaratoria de manera gratuita.</p>
<p>Finalmente fue declarado un polígono de 189 hectáreas, constituyéndonos en esa momento como la Zona Típica más grande de Santiago. Destacamos, además, el ser una declaratoria impulsada por vecinos(as) organizados que se comprometieron en la defensa y puesta en valor de su territorio.</p>
<p>En la ocasión, estuvo presente la entonces Alcaldesa de Santiago, señora Carolina Tohá, dando con ello una señal clara de su apoyo a la defensa del patrimonio.<br />
También nos acompañó Ana Paz Cárdenas, Secretaria Técnica del CMN, Rosario Carvajal, actual Concejala por Santiago y José Osorio, Presidente de la Asociación Chilena de Zonas y barrios Patrimoniales.</p>
<p>Al año siguiente, en el mes de agosto, se oficializa la declaratoria al ser publicado el decreto en el Diario Oficial.</p>
<p>Finalmente nuestro barrio ha sido reconocido como Zona Típica y con esta declaratoria comienza una nueva etapa en las proyecciones que tengamos para el desarrollo integral del mismo.[/vc_column_text][/vc_column][vc_column column_padding=&#8221;no-extra-padding&#8221; column_padding_position=&#8221;all&#8221; background_color_opacity=&#8221;1&#8243; background_hover_color_opacity=&#8221;1&#8243; column_link_target=&#8221;_self&#8221; column_shadow=&#8221;none&#8221; column_border_radius=&#8221;none&#8221; width=&#8221;1/2&#8243; tablet_width_inherit=&#8221;default&#8221; tablet_text_alignment=&#8221;default&#8221; phone_text_alignment=&#8221;default&#8221; column_border_width=&#8221;none&#8221; column_border_style=&#8221;solid&#8221; bg_image_animation=&#8221;none&#8221;][vc_gallery type=&#8221;parallax_image_grid&#8221; images=&#8221;6008,6007,6006,6005,6004&#8243;][/vc_column][/vc_row]
